he highest common factor of 45 and w?
5
Let b(u) = -135*u - 9 + 69*u + 71*u. Let z be b(3). What is the highest common factor of z and 222?
6
Suppose 91*f = -3*f + 39*f + 4400. Let t be 18 + 8/2 + -2. What is the greatest common divisor of f and t?
20
Let m(n) = 2*n**2 + 14*n + 17. Let t be 15/(-2) + 0 - 7/14. Let h be m(t). Let x be ((-33)/9)/(2/(-6 + 0)). What is the highest common divisor of h and x?
11
Let g(q) = -2*q**3 + 15*q**2 - 20*q + 36. Let i be g(-8). Calculate the greatest common factor of 8 and i.
4
Suppose 0 = 36*q - 35*q - 3. Let i(a) = -21*a + 66. Let n be i(q). Calculate the highest common factor of n and 13.
1
Let r be (-2 + 9)/1*(-4 + 3). Let s be (-2790)/(-63) + 11 + 2/r. Calculate the highest common factor of s and 44.
11
Let c = 8310 - 8142. What is the highest common divisor of 8904 and c?
168
Let d be (-142 - -108) + 216/4. Suppose 5*v + 14 = -a + 49, -62 = -a + 4*v. What is the highest common factor of d and a?
10
Suppose 0 = -3*c - 2*g + 83 + 279, 2*g = c - 134. Suppose 94 + 15 = 3*u - 5*h, -2*u + 31 = 5*h. Let j = 59 - u. Calculate the highest common divisor of c and j.
31
Suppose 0 = -4*b - 105 + 497. Suppose 937 = 13*l - 1702. Let n = l - b. What is the greatest common divisor of n and 42?
21
Let n = -146544 + 146565. Let w be ((-6)/8)/(3/(-252)). What is the highest common divisor of n and w?
21
Let m(h) = -3*h**2 - 10*h - 1 + 3*h**3 - 9*h**3 - 23 - 5*h. Let j be m(-6). Let t be ((-2)/(-4))/(3/j). What is the highest common divisor of 19 and t?
19
Let a be 1738/66 + 1/(-3). Suppose 3*c - 746 = -5*d, 5*c + 2*d - 173 = 1064. What is the highest common factor of a and c?
13
Suppose r = v + 8, -r - 5*v + 26 - 6 = 0. Let x be 4*-1 - ((-385)/5 + -7). Calculate the greatest common divisor of x and r.
10
Suppose -2*c - n + 11375 = 0, 3*n - 28141 = -5*c + 299. Calculate the greatest common divisor of c and 120.
15
Let r(f) = -f - 9. Let q be r(-5). Let n be (-596)/(-28) + q/14. Let d = 218 + -71. Calculate the highest common divisor of d and n.
21
Let m be 1/(-1)*(-2 + 5)*-69. Let q = m + -181. Calculate the highest common divisor of q and 104.
26
Let d = 12592 - 7722. What is the highest common divisor of d and 10?
10
Suppose -3*z + 6*h + 6158 = 4*h, 2*h - 2042 = -z. Calculate the highest common factor of z and 350.
50
Let b be ((-2)/(-6))/(4/36). Suppose 6*u - 72 = -b*u. Let j be (12/(-16))/(4 + (-34)/8). Calculate the greatest common divisor of j and u.
1
Let o be 320/560 - (38/(-7) + -2). Calculate the highest common factor of 2152 and o.
8
Suppose -9*x + 2 - 29 = 0. Let v be x*(-8)/2 + 6. What is the highest common divisor of 12 and v?
6
Suppose -3*t = 3*d - 93, 4*t = -5*d + 172 - 47. Let q = -944 + 1104. What is the greatest common divisor of t and q?
10
Let n be 1*(1 - 0) + (38 - 16). Suppose -3*y + 892 = 5*o, -y - 18 + 318 = -o. Calculate the highest common factor of n and y.
23
Suppose 201 - 649 = -4*l. Suppose 2*p = 4*y - 136, 7*y - p = 10*y - l. What is the highest common factor of 72 and y?
36
Suppose 151725 = 64*o - 386643. What is the greatest common factor of o and 60?
12
Suppose -2*x = -3*x. Suppose x*u + 3*u + b = 53, -4*u + 80 = -b. Suppose 3*g - 9709 = -79*g + 9*g. What is the highest common factor of u and g?
19
Let w(c) = -c**2 + 13*c - 1. Let g(x) = x**2 - 9*x - 5. Let o be g(8). Let z = o + 25. Let y be w(z). Calculate the greatest common factor of y and 154.
11
Let v be (4 - 1) + 54 + -64. Let a be (-234)/63*v/1. Calculate the greatest common divisor of 481 and a.
13
Let j be (2/(-2))/(2/(-20)). Let n be -10 + 5 + 44/4. Suppose -n*k + 323 = -157. What is the highest common factor of k and j?
10
Suppose 1979 = -6*t - 1981. Let r = t + 726. What is the highest common factor of 54 and r?
6
Let c = 1626 - 538. Suppose c - 304 = 4*a. What is the highest common factor of 84 and a?
28
Let g be 2/9 + 1531275/135 + -27. What is the greatest common divisor of g and 184?
92
Suppose 3*w - 3*q = 849, 4*w - 3*q - 1140 + 5 = 0. Let x = 289 - w. Calculate the greatest common factor of 2 and x.
1
Let p be -18*(-2)/2 - -1. Let h(i) = -i**2 + 11*i + 445. Let g be h(24). Calculate the greatest common divisor of p and g.
19
Let h be 194/8 + (-33)/(-44). What is the highest common factor of h and 2300?
25
Let v be (-3 - -8)/1 - (-7075 + 0). What is the greatest common divisor of 20 and v?
20
Let l = 9 - -81. Let q be (-910)/(-52) - 3/(-6). What is the greatest common divisor of l and q?
18
Suppose 0 = 2*y + 3*v - 835, -58 + 1286 = 3*y + v. Calculate the highest common factor of y and 2123.
11
Let t be (-3)/(1/(-3) - 70/60). Let d be -3 + 6 + (t + -4)/(-2). What is the greatest common divisor of 44 and d?
4
Let m(b) = -25*b + 7. Let j be (-1)/(3/12) - 1. Let a be m(j). Let h be (-1)/(-2)*26 + -1. Calculate the highest common divisor of a and h.
12
Suppose 0 = -53*a + 55*a - 4*x - 1312, -5*x = 3*a - 1924. Calculate the highest common divisor of a and 675.
27
Let a(f) = -1050*f + 6364. Let n be a(6). What is the highest common divisor of 44 and n?
4
Let u = 8305 - 8180. Calculate the highest common divisor of 240 and u.
5
Let a be 1/(-2) + 54/12*5. Suppose a = 2*d + l - 5, 5*d - 68 = -2*l. Suppose -17*u + 60 = -d*u. Calculate the highest common divisor of 4 and u.
4
Let q(c) = -2*c**3 + 9*c**2 + 27*c - 9. Let b be q(-8). Let u be (6/5)/(165/b). Calculate the highest common factor of u and 230.
10
Suppose -5*h + 3*u = -58, 17*h - 30 = 14*h - 3*u. Calculate the highest common factor of 7150 and h.
11
Let t = 1406 - 1301. Suppose -n + 4*j = -25, -3*j + 86 = 4*n - 5*j. Calculate the greatest common factor of n and t.
21
Let y be (-2 - -1)/(1/(-7)). Let n(w) = 20*w + 120. Let s be n(-6). Suppose 2*x + s = -4*j - 6, 32 = x - 5*j. What is the highest common divisor of x and y?
7
Let b be 2905/830 + 29/2. Let a = 2 + 22. What is the greatest common factor of b and a?
6
Suppose -3629 - 16657 = -42*h. Suppose -5*a = -d - 317, 2*d + d = 5*a - 321. What is the greatest common factor of h and a?
21
Suppose -14*s = -17*s. Suppose -5*k + 5*a - 2 = -117, -4*a = s. Calculate the highest common factor of k and 23.
23
Suppose 38*q - 12 = 32*q. Suppose 0 = -d + 5, -q*n + 360 = 4*d + 108. What is the highest common divisor of n and 4?
4
Let x = -32 + 60. Let n(l) = 19*l - 80. Let b be n(5). Suppose 3*m + 15 = 0, b*m - 17*m + 46 = 4*j. What is the greatest common factor of x and j?
14
Let p = -11142 + 11401. Calculate the greatest common factor of p and 350.
7
Suppose 11*s = 15*s + 4*r - 2180, 5*r + 5 = 0. Calculate the highest common factor of 1785 and s.
21
Suppose 7 = 5*z - 3. Suppose -1 = -4*c + 3*i, 4*i - 1 = -z*c + 5*c. Let d(t) = 3*t**2 - 5*t + 5. Let f be d(3). What is the highest common divisor of f and c?
1
Let a = -3543 - -3548. Suppose 3*y + 5*p + 20 - 4 = 0, -2*y = 4*p + 14. Let b be ((-2)/y)/(6/(-45)). Calculate the highest common factor of b and a.
5
Suppose 1627 = -35*m + 8767. Suppose -5*g + 3*g + 4*l + 306 = 0, 3*l = -g + 153. Calculate the highest common divisor of m and g.
51
Let q be (20/5)/(5/135). Let k(o) = 2*o - 203 + 113 + q. Let m be k(-6). What is the greatest common divisor of 90 and m?
6
Suppose 4*v + v + 120 = 0. Let d(k) = -k**2 - 27*k - 68. Let n be d(v). Suppose -n*b + 10*b - 528 = 0. What is the greatest common factor of 132 and b?
44
Let v = 366 - 336. Suppose 0 = 2*y + 4*b - 12, 11*y - 7*y - v = -2*b. Calculate the highest common divisor of 216 and y.
8
Let f = -1919 - -1944. What is the highest common factor of 1375 and f?
25
Suppose r = -3*m - 149, 7*m - 5*m + 88 = 5*r. Let f be (2 - 82)/8 - m. Let p(h) = 59*h - 2. Let a be p(4). What is the highest common factor of a and f?
39
Let v(o) = -o + 6. Suppose 0 = u - 1 - 1. Let i be v(u). Suppose -2*r = -2*n - 30, -3*r + r + 48 = i*n. What is the highest common divisor of 9 and r?
9
Let n(y) = 74*y - 54 - 38*y - 32*y. Let j(g) = -8*g + 107. Let z(r) = -4*j(r) - 9*n(r). Let h be z(12). Calculate the greatest common divisor of h and 110.
10
Let x(q) = -20*q + 16. Let u be 6/(-1 - (-3 + -8))*5. Let o be x(u). Let h = o - -58. What is the greatest common divisor of 84 and h?
14
Let p = 11181 - 11155. Calculate the greatest common divisor of p and 9321.
13
Suppose -w + 0*w - 125 = -2*t, 5*w + 2*t + 625 = 0. Let f be (6/9)/(4/(-6)). Let q be ((-19)/(-19))/(f/w).